{"id":1940,"date":"2023-07-13T17:00:54","date_gmt":"2023-07-13T15:00:54","guid":{"rendered":"https:\/\/elzede.net\/acl\/?page_id=1940"},"modified":"2023-08-12T11:11:33","modified_gmt":"2023-08-12T09:11:33","slug":"vendre-dis-moi-tout-les-algues-vertes-11-aout-20h30","status":"publish","type":"page","link":"https:\/\/elzede.net\/acl\/vendre-dis-moi-tout-les-algues-vertes-11-aout-20h30\/","title":{"rendered":"Vendre dis moi tout : Les Algues Vertes &#8211; 11 ao\u00fbt 20h30"},"content":{"rendered":"\n<p>En collaboration avec Lion-Environnement, Les Amis du Cin\u00e9ma de Lion vous proposent la projection du film de Pierre JOLIVET<strong> \u00ab\u00a0Les Algues Vertes\u00a0\u00bb.<\/strong><\/p>\n\n\n\n<h1 class=\"wp-block-heading has-text-align-center has-vivid-red-color has-text-color\"><strong>SEANCE SUPPLEMENTAIRE  SAMEDI 12 \u00e0 17h<\/strong><br>sans  le Dr Pierre PHILIPPE<br>Il reste des exemplaires de la BD<\/h1>\n\n\n\n<p><strong>Cette projection sera suivie d&rsquo;un \u00e9change avec le Dr. Pierre PHILIPPE <\/strong><\/p>\n\n\n\n<h5 class=\"wp-block-heading\">Le docteur pierre philippe<\/h5>\n\n\n\n<div class=\"wp-block-media-text alignwide has-media-on-the-right is-stacked-on-mobile\"><div class=\"wp-block-media-text__content\">\n<p class=\"has-text-align-left has-small-font-size\"><em>M\u00e9decin urgentiste \u00e0 l&rsquo;h\u00f4pital de Lannion (22) durant 31 ans , j&rsquo;ai constat\u00e9 plusieurs accidents et d\u00e9c\u00e8s suspects sur la&nbsp; plage de Saint-Michel en Gr\u00e8ve&nbsp; pollu\u00e9e par les algues vertes . Suite \u00e0 mes alertes r\u00e9p\u00e9t\u00e9es , j&rsquo;ai enfin pu prouver et&nbsp; faire reconnaitre le danger de ces algues&nbsp; en 2009 .<\/em><br> (Photo David ADEMAS -O-F)<\/p>\n<\/div><figure class=\"wp-block-media-text__media\"><img loading=\"lazy\" decoding=\"async\" width=\"1024\" height=\"671\" src=\"https:\/\/elzede.net\/acl\/wp-content\/uploads\/2023\/07\/DrPierrePHILIPPE-1024x671.jpeg\" alt=\"\" class=\"wp-image-1946 size-full\" srcset=\"https:\/\/elzede.net\/acl\/wp-content\/uploads\/2023\/07\/DrPierrePHILIPPE-1024x671.jpeg 1024w, https:\/\/elzede.net\/acl\/wp-content\/uploads\/2023\/07\/DrPierrePHILIPPE-300x197.jpeg 300w, https:\/\/elzede.net\/acl\/wp-content\/uploads\/2023\/07\/DrPierrePHILIPPE-768x503.jpeg 768w, https:\/\/elzede.net\/acl\/wp-content\/uploads\/2023\/07\/DrPierrePHILIPPE.jpeg 1260w\" sizes=\"auto, (max-width: 767px) 89vw, (max-width: 1000px) 54vw, (max-width: 1071px) 543px, 580px\" \/><\/figure><\/div>\n\n\n\n<p><em>Nous avons saisi l&rsquo;opportunit\u00e9 de vous faire partager un t\u00e9moignage de premi\u00e8re main, dans une affaire o\u00f9 l&rsquo;omerta de l&rsquo;agro-industrie bretonne a pes\u00e9 de tout son poids pour nier l&rsquo;existence du danger, au m\u00e9pris de la sant\u00e9 des populations.<\/em><\/p>\n\n\n\n<h5 class=\"wp-block-heading\">Le Synopsis du film<\/h5>\n\n\n\n<p><em>\u00c0 la suite de morts suspectes, In\u00e8s L\u00e9raud, jeune journaliste, d\u00e9cide de s\u2019installer en Bretagne pour enqu\u00eater sur le ph\u00e9nom\u00e8ne des algues vertes. \u00c0 travers ses rencontres, elle d\u00e9couvre la fabrique du silence qui entoure ce d\u00e9sastre \u00e9cologique et social. Face aux pressions, parviendra-t-elle \u00e0 faire triompher la v\u00e9rit\u00e9 ?<\/em><\/p>\n\n\n\n<h5 class=\"wp-block-heading\">la gen\u00e8se du film<\/h5>\n\n\n\n<div class=\"wp-block-media-text alignwide is-stacked-on-mobile\"><figure class=\"wp-block-media-text__media\"><img loading=\"lazy\" decoding=\"async\" width=\"600\" height=\"779\" src=\"https:\/\/elzede.net\/acl\/wp-content\/uploads\/2023\/07\/Couv_369283.jpeg\" alt=\"\" class=\"wp-image-1942 size-full\" srcset=\"https:\/\/elzede.net\/acl\/wp-content\/uploads\/2023\/07\/Couv_369283.jpeg 600w, https:\/\/elzede.net\/acl\/wp-content\/uploads\/2023\/07\/Couv_369283-231x300.jpeg 231w\" sizes=\"auto, (max-width: 600px) 100vw, 600px\" \/><\/figure><div class=\"wp-block-media-text__content\">\n<p>In\u00e8s L\u00e9raud, journaliste a enqu\u00eat\u00e9 sur le ph\u00e9nom\u00e8ne de la pollution engendr\u00e9e par la prolif\u00e9ration des algues vertes dans les baies bretonnes d\u00e8s 2015.<\/p>\n\n\n\n<p>Son enqu\u00eate a donn\u00e9 lieu \u00e0 un roman graphique <em>Algues vertes, l&rsquo;histoire interdite<\/em>, d&rsquo;In\u00e8s L\u00e9raud et Pierre Van Hove et publi\u00e9e en 2019 chez&nbsp;Delcourt<\/p>\n\n\n\n<p>Suivant la volont\u00e9 d&rsquo;In\u00e8s L\u00e9raud le film est une fiction adapt\u00e9e du roman graphique. Elle co-signe le sc\u00e9nario avec Pierre Jolivet<\/p>\n\n\n\n<p><em><strong>A l&rsquo;issue de la s\u00e9ance vous pourrez acqu\u00e9rir un exemplaire de cette \u00ab\u00a0BD\u00a0\u00bb<\/strong><\/em><\/p>\n<\/div><\/div>\n\n\n\n<h5 class=\"wp-block-heading\">quelques donn\u00e9es pour comprendre le ph\u00e9nom\u00e8ne<\/h5>\n\n\n\n<div class=\"wp-block-media-text alignwide has-media-on-the-right is-stacked-on-mobile\"><div class=\"wp-block-media-text__content\">\n<ul class=\"wp-block-list\">\n<li>8 baies concern\u00e9es<\/li>\n\n\n\n<li>2.600 exploitations agricoles<\/li>\n\n\n\n<li>10% des exploitations bretonnes<\/li>\n\n\n\n<li>120.000 ha de surface agricole<\/li>\n\n\n\n<li>240.000 habitants impact\u00e9s<\/li>\n\n\n\n<li>70% des 12 Millions de porcs<\/li>\n<\/ul>\n<\/div><figure class=\"wp-block-media-text__media\"><img loading=\"lazy\" decoding=\"async\" width=\"1024\" height=\"640\" src=\"https:\/\/elzede.net\/acl\/wp-content\/uploads\/2023\/07\/carte-sans-titre-1024x640.jpg\" alt=\"\" class=\"wp-image-1944 size-full\" srcset=\"https:\/\/elzede.net\/acl\/wp-content\/uploads\/2023\/07\/carte-sans-titre-1024x640.jpg 1024w, https:\/\/elzede.net\/acl\/wp-content\/uploads\/2023\/07\/carte-sans-titre-300x187.jpg 300w, https:\/\/elzede.net\/acl\/wp-content\/uploads\/2023\/07\/carte-sans-titre-768x480.jpg 768w, https:\/\/elzede.net\/acl\/wp-content\/uploads\/2023\/07\/carte-sans-titre-1536x959.jpg 1536w, https:\/\/elzede.net\/acl\/wp-content\/uploads\/2023\/07\/carte-sans-titre-2048x1279.jpg 2048w\" sizes=\"auto, (max-width: 767px) 89vw, (max-width: 1000px) 54vw, (max-width: 1071px) 543px, 580px\" \/><\/figure><\/div>\n\n\n\n<h5 class=\"wp-block-heading\">quelques dates<\/h5>\n\n\n\n<ul class=\"wp-block-list\">\n<li>1971 Le conseil municipal de Saint-Michel-en-Gr\u00e8ve (Baie de Lannion) \u00e9voque une \u00ab\u00a0mar\u00e9e verte\u00a0\u00bb<\/li>\n\n\n\n<li>1989 mort d&rsquo;un jogger, Jacques THERIN, au m\u00eame endroit<\/li>\n\n\n\n<li>1999 coma de Maurice BRIFFAUT ramasseur d&rsquo;algues au m\u00eame endroit &#8211; P. PHILIPPE alerte la DDASS<\/li>\n\n\n\n<li>2009 d\u00e9c\u00e8s de Thierry MORFOISSE, transporteur d&rsquo;algues \u00e0 Binic<\/li>\n\n\n\n<li>2016 mort d&rsquo;un jogger dans l&rsquo;estuaire du Goessant (Baie de Saint-Brieuc)<\/li>\n\n\n\n<li>2018 le d\u00e9c\u00e8s de 2009 reconnu accident du travail<\/li>\n\n\n\n<li>&#8230;<\/li>\n\n\n\n<li>2027 La prolif\u00e9ration des algues vertes devrait \u00eatre ma\u00eetris\u00e9e selon le site d\u00e9di\u00e9 de la pr\u00e9fecture de Bretagne <a rel=\"noreferrer noopener\" href=\"https:\/\/www.algues-vertes.com\/territoires-mobilises\/\" target=\"_blank\">https:\/\/www.algues-vertes.com\/territoires-mobilises\/<\/a><\/li>\n<\/ul>\n","protected":false},"excerpt":{"rendered":"<p>En collaboration avec Lion-Environnement, Les Amis du Cin\u00e9ma de Lion vous proposent la projection du film de Pierre JOLIVET \u00ab\u00a0Les Algues Vertes\u00a0\u00bb. SEANCE SUPPLEMENTAIRE SAMEDI 12 \u00e0 17hsans le Dr Pierre PHILIPPEIl reste des exemplaires de la BD Cette projection sera suivie d&rsquo;un \u00e9change avec le Dr. Pierre PHILIPPE Le docteur pierre philippe M\u00e9decin urgentiste &hellip; <\/p>\n<p class=\"link-more\"><a href=\"https:\/\/elzede.net\/acl\/vendre-dis-moi-tout-les-algues-vertes-11-aout-20h30\/\" class=\"more-link\">Continuer la lecture<span class=\"screen-reader-text\"> de &laquo;&nbsp;Vendre dis moi tout : Les Algues Vertes &#8211; 11 ao\u00fbt 20h30&nbsp;&raquo;<\/span><\/a><\/p>\n","protected":false},"author":1,"featured_media":1941,"parent":0,"menu_order":0,"comment_status":"closed","ping_status":"closed","template":"","meta":{"footnotes":""},"class_list":["post-1940","page","type-page","status-publish","has-post-thumbnail","hentry"],"_links":{"self":[{"href":"https:\/\/elzede.net\/acl\/wp-json\/wp\/v2\/pages\/1940","targetHints":{"allow":["GET"]}}],"collection":[{"href":"https:\/\/elzede.net\/acl\/wp-json\/wp\/v2\/pages"}],"about":[{"href":"https:\/\/elzede.net\/acl\/wp-json\/wp\/v2\/types\/page"}],"author":[{"embeddable":true,"href":"https:\/\/elzede.net\/acl\/wp-json\/wp\/v2\/users\/1"}],"replies":[{"embeddable":true,"href":"https:\/\/elzede.net\/acl\/wp-json\/wp\/v2\/comments?post=1940"}],"version-history":[{"count":5,"href":"https:\/\/elzede.net\/acl\/wp-json\/wp\/v2\/pages\/1940\/revisions"}],"predecessor-version":[{"id":1987,"href":"https:\/\/elzede.net\/acl\/wp-json\/wp\/v2\/pages\/1940\/revisions\/1987"}],"wp:featuredmedia":[{"embeddable":true,"href":"https:\/\/elzede.net\/acl\/wp-json\/wp\/v2\/media\/1941"}],"wp:attachment":[{"href":"https:\/\/elzede.net\/acl\/wp-json\/wp\/v2\/media?parent=1940"}],"curies":[{"name":"wp","href":"https:\/\/api.w.org\/{rel}","templated":true}]}}