{"id":1744,"date":"2023-04-08T17:09:14","date_gmt":"2023-04-08T15:09:14","guid":{"rendered":"https:\/\/elzede.net\/acl\/?page_id=1744"},"modified":"2023-04-25T17:37:14","modified_gmt":"2023-04-25T15:37:14","slug":"20230513-gesu","status":"publish","type":"page","link":"https:\/\/elzede.net\/acl\/20230513-gesu\/","title":{"rendered":"Ges\u00f9 \u00e8 morto &#8211; Soir\u00e9e Samedi ff\u00e9rent"},"content":{"rendered":"\n<h4 class=\"wp-block-heading\"><strong><em>Pour ne pas rester indiff\u00e9rents<\/em><\/strong><\/h4>\n\n\n\n<p>Les Amis du Cin\u00e9ma de Lion vous invitent \u00e0 une premi\u00e8re projection fran\u00e7aise.<\/p>\n\n\n\n<h1 class=\"wp-block-heading has-text-align-center\"><strong>Gesu&rsquo; e&rsquo; morto per i peccati<\/strong> <strong>degli altri<\/strong><\/h1>\n\n\n\n<h2 class=\"wp-block-heading\">\u00ab\u00a0J\u00e9sus est mort pour les p\u00e9ch\u00e9s des autres,&#8230;. mais pas les miens\u00a0\u00bb <\/h2>\n\n\n\n<p><em>(Patti Smith &#8211; Gloria)<\/em><\/p>\n\n\n\n<p>Film documentaire italien &#8211; sous-titr\u00e9 en fran\u00e7ais -R\u00e9alisation Maria Arena &#8211; 2014<\/p>\n\n\n\n<div class=\"wp-block-media-text alignwide has-media-on-the-right is-stacked-on-mobile\"><div class=\"wp-block-media-text__content\">\n<p class=\"has-small-font-size\">Franchina, Meri, Alessia, Marcella, Wonder, Santo et Totino sont des trans qui se prostituent depuis des d\u00e9cennies dans le quartier de San Berillo \u00e0 Catane, une poign\u00e9e de ruelles en ruines laiss\u00e9es \u00e0 l&rsquo;abandon depuis 50 ans et aujourd&rsquo;hui plus que jamais contest\u00e9es par des int\u00e9r\u00eats \u00e9conomiques toujours plus pressants.<\/p>\n\n\n\n<p class=\"has-small-font-size\">Ce sont des histoires universelles, des histoires de marginaux qui luttent pour retrouver leur dignit\u00e9. Le travail documentaire sur les sept protagonistes est consacr\u00e9 \u00e0 leur vie quotidienne, \u00e0 l&rsquo;int\u00e9rieur et \u00e0 l&rsquo;ext\u00e9rieur du quartier. Le ton et le style de l&rsquo;histoire choisis respectent et refl\u00e8tent le caract\u00e8re des protagonistes, dot\u00e9s d&rsquo;une ironie irr\u00e9v\u00e9rencieuse et pure.<\/p>\n<\/div><figure class=\"wp-block-media-text__media\"><img loading=\"lazy\" decoding=\"async\" width=\"798\" height=\"1024\" src=\"https:\/\/elzede.net\/acl\/wp-content\/uploads\/2023\/04\/Gesu02-798x1024.jpg\" alt=\"\" class=\"wp-image-1755 size-full\" srcset=\"https:\/\/elzede.net\/acl\/wp-content\/uploads\/2023\/04\/Gesu02-798x1024.jpg 798w, https:\/\/elzede.net\/acl\/wp-content\/uploads\/2023\/04\/Gesu02-234x300.jpg 234w, https:\/\/elzede.net\/acl\/wp-content\/uploads\/2023\/04\/Gesu02-768x985.jpg 768w, https:\/\/elzede.net\/acl\/wp-content\/uploads\/2023\/04\/Gesu02.jpg 856w\" sizes=\"auto, (max-width: 767px) 89vw, (max-width: 1000px) 54vw, (max-width: 1071px) 543px, 580px\" \/><\/figure><\/div>\n\n\n\n<p>Le film veut donner au spectateur des r\u00eaves et des peurs, de la d\u00e9solation et de la joie, la transgression et la pri\u00e8re des protagonistes. Derri\u00e8re chaque rire il y a une v\u00e9rit\u00e9. Et cette v\u00e9rit\u00e9 nous pousse toujours \u00e0 r\u00e9fl\u00e9chir sur la r\u00e9alit\u00e9.<\/p>\n\n\n\n<p>En pr\u00e9sence de la r\u00e9alisatrice, Maria ARENA, le film sera suivi d&rsquo;\u00e9changes anim\u00e9s par Sylvain PASQUIER, Ma\u00eetre de conf\u00e9rences et le docteur Isabelle GROSBOIS, investie aupr\u00e8s de la communaut\u00e9 LGBT<\/p>\n\n\n\n<p class=\"has-drop-cap has-text-align-left\" style=\"font-style:normal;font-weight:600\">Samedi 13 mai &#8211; 20h30 &#8211; Le Trianon &#8211; Lion sur Mer &#8211; Participation libre<\/p>\n","protected":false},"excerpt":{"rendered":"<p>Pour ne pas rester indiff\u00e9rents Les Amis du Cin\u00e9ma de Lion vous invitent \u00e0 une premi\u00e8re projection fran\u00e7aise. Gesu&rsquo; e&rsquo; morto per i peccati degli altri \u00ab\u00a0J\u00e9sus est mort pour les p\u00e9ch\u00e9s des autres,&#8230;. mais pas les miens\u00a0\u00bb (Patti Smith &#8211; Gloria) Film documentaire italien &#8211; sous-titr\u00e9 en fran\u00e7ais -R\u00e9alisation Maria Arena &#8211; 2014 Franchina, &hellip; <\/p>\n<p class=\"link-more\"><a href=\"https:\/\/elzede.net\/acl\/20230513-gesu\/\" class=\"more-link\">Continuer la lecture<span class=\"screen-reader-text\"> de &laquo;&nbsp;Ges\u00f9 \u00e8 morto &#8211; Soir\u00e9e Samedi ff\u00e9rent&nbsp;&raquo;<\/span><\/a><\/p>\n","protected":false},"author":1,"featured_media":1756,"parent":0,"menu_order":0,"comment_status":"closed","ping_status":"closed","template":"","meta":{"footnotes":""},"class_list":["post-1744","page","type-page","status-publish","has-post-thumbnail","hentry"],"_links":{"self":[{"href":"https:\/\/elzede.net\/acl\/wp-json\/wp\/v2\/pages\/1744","targetHints":{"allow":["GET"]}}],"collection":[{"href":"https:\/\/elzede.net\/acl\/wp-json\/wp\/v2\/pages"}],"about":[{"href":"https:\/\/elzede.net\/acl\/wp-json\/wp\/v2\/types\/page"}],"author":[{"embeddable":true,"href":"https:\/\/elzede.net\/acl\/wp-json\/wp\/v2\/users\/1"}],"replies":[{"embeddable":true,"href":"https:\/\/elzede.net\/acl\/wp-json\/wp\/v2\/comments?post=1744"}],"version-history":[{"count":4,"href":"https:\/\/elzede.net\/acl\/wp-json\/wp\/v2\/pages\/1744\/revisions"}],"predecessor-version":[{"id":1758,"href":"https:\/\/elzede.net\/acl\/wp-json\/wp\/v2\/pages\/1744\/revisions\/1758"}],"wp:featuredmedia":[{"embeddable":true,"href":"https:\/\/elzede.net\/acl\/wp-json\/wp\/v2\/media\/1756"}],"wp:attachment":[{"href":"https:\/\/elzede.net\/acl\/wp-json\/wp\/v2\/media?parent=1744"}],"curies":[{"name":"wp","href":"https:\/\/api.w.org\/{rel}","templated":true}]}}

Gesù è morto &#8211; Soirée Samedi fférent

<h4 class="wp-block-heading"><strong><em>Pour ne pas rester indifférents</em></strong></h4>



<p>Les Amis du Cinéma de Lion vous invitent à une première projection française.</p>



<h1 class="wp-block-heading has-text-align-center"><strong>Gesu&rsquo; e&rsquo; morto per i peccati</strong> <strong>degli altri</strong></h1>



<h2 class="wp-block-heading">« Jésus est mort pour les péchés des autres,&#8230;. mais pas les miens » </h2>



<p><em>(Patti Smith &#8211; Gloria)</em></p>



<p>Film documentaire italien &#8211; sous-titré en français -Réalisation Maria Arena &#8211; 2014</p>



<div class="wp-block-media-text alignwide has-media-on-the-right is-stacked-on-mobile"><div class="wp-block-media-text__content">
<p class="has-small-font-size">Franchina, Meri, Alessia, Marcella, Wonder, Santo et Totino sont des trans qui se prostituent depuis des décennies dans le quartier de San Berillo à Catane, une poignée de ruelles en ruines laissées à l&rsquo;abandon depuis 50 ans et aujourd&rsquo;hui plus que jamais contestées par des intérêts économiques toujours plus pressants.</p>



<p class="has-small-font-size">Ce sont des histoires universelles, des histoires de marginaux qui luttent pour retrouver leur dignité. Le travail documentaire sur les sept protagonistes est consacré à leur vie quotidienne, à l&rsquo;intérieur et à l&rsquo;extérieur du quartier. Le ton et le style de l&rsquo;histoire choisis respectent et reflètent le caractère des protagonistes, dotés d&rsquo;une ironie irrévérencieuse et pure.</p>
</div><figure class="wp-block-media-text__media"><img loading="lazy" decoding="async" width="798" height="1024" src="https://elzede.net/acl/wp-content/uploads/2023/04/Gesu02-798x1024.jpg" alt="" class="wp-image-1755 size-full" srcset="https://elzede.net/acl/wp-content/uploads/2023/04/Gesu02-798x1024.jpg 798w, https://elzede.net/acl/wp-content/uploads/2023/04/Gesu02-234x300.jpg 234w, https://elzede.net/acl/wp-content/uploads/2023/04/Gesu02-768x985.jpg 768w, https://elzede.net/acl/wp-content/uploads/2023/04/Gesu02.jpg 856w" sizes="auto, (max-width: 767px) 89vw, (max-width: 1000px) 54vw, (max-width: 1071px) 543px, 580px" /></figure></div>



<p>Le film veut donner au spectateur des rêves et des peurs, de la désolation et de la joie, la transgression et la prière des protagonistes. Derrière chaque rire il y a une vérité. Et cette vérité nous pousse toujours à réfléchir sur la réalité.</p>



<p>En présence de la réalisatrice, Maria ARENA, le film sera suivi d&rsquo;échanges animés par Sylvain PASQUIER, Maître de conférences et le docteur Isabelle GROSBOIS, investie auprès de la communauté LGBT</p>



<p class="has-drop-cap has-text-align-left" style="font-style:normal;font-weight:600">Samedi 13 mai &#8211; 20h30 &#8211; Le Trianon &#8211; Lion sur Mer &#8211; Participation libre</p>

<p>Pour ne pas rester indifférents Les Amis du Cinéma de Lion vous invitent à une première projection française. Gesu&rsquo; e&rsquo; morto per i peccati degli altri « Jésus est mort pour les péchés des autres,&#8230;. mais pas les miens » (Patti Smith &#8211; Gloria) Film documentaire italien &#8211; sous-titré en français -Réalisation Maria Arena &#8211; 2014 Franchina, &hellip; </p>
<p class="link-more"><a href="https://elzede.net/acl/20230513-gesu/" class="more-link">Continuer la lecture<span class="screen-reader-text"> de &laquo;&nbsp;Gesù è morto &#8211; Soirée Samedi fférent&nbsp;&raquo;</span></a></p>
